reds digit of 3918?
9
What is the hundreds digit of 5444?
4
What is the hundreds digit of 8746?
7
What is the tens digit of 427?
2
What is the hundreds digit of 4754?
7
What is the thousands digit of 6775?
6
What is the units digit of 53464?
4
What is the units digit of 533?
3
What is the tens digit of 580?
8
What is the tens digit of 1147?
4
What is the hundreds digit of 10127?
1
What is the thousands digit of 12000?
2
What is the tens digit of 53180?
8
What is the units digit of 19744?
4
What is the tens digit of 31050?
5
What is the thousands digit of 1622?
1
What is the tens digit of 45?
4
What is the thousands digit of 33885?
3
What is the hundreds digit of 46778?
7
What is the tens digit of 1915?
1
What is the thousands digit of 1387?
1
What is the hundreds digit of 2510?
5
What is the hundreds digit of 2710?
7
What is the units digit of 8589?
9
What is the tens digit of 1523?
2
What is the units digit of 910?
0
What is the hundreds digit of 122887?
8
What is the units digit of 38585?
5
What is the thousands digit of 62801?
2
What is the units digit of 3832?
2
What is the hundreds digit of 15863?
8
What is the units digit of 67730?
0
What is the hundreds digit of 679?
6
What is the units digit of 39548?
8
What is the ten thousands digit of 49630?
4
What is the hundreds digit of 13688?
6
What is the units digit of 666?
6
What is the hundreds digit of 82803?
8
What is the tens digit of 778?
7
What is the hundreds digit of 3027?
0
What is the tens digit of 1531?
3
What is the hundreds digit of 41291?
2
What is the thousands digit of 2352?
2
What is the thousands digit of 3751?
3
What is the hundreds digit of 309?
3
What is the ten thousands digit of 27961?
2
What is the ten thousands digit of 21401?
2
What is the hundreds digit of 64674?
6
What is the hundreds digit of 464?
4
What is the hundreds digit of 179?
1
What is the units digit of 16212?
2
What is the tens digit of 30549?
4
What is the hundreds digit of 3158?
1
What is the tens digit of 8918?
1
What is the thousands digit of 1198?
1
What is the thousands digit of 5334?
5
What is the thousands digit of 17406?
7
What is the units digit of 653?
3
What is the tens digit of 139751?
5
What is the thousands digit of 22555?
2
What is the tens digit of 1093?
9
What is the ten thousands digit of 18141?
1
What is the tens digit of 1004?
0
What is the units digit of 16720?
0
What is the tens digit of 77017?
1
What is the units digit of 7722?
2
What is the units digit of 823?
3
What is the units digit of 146024?
4
What is the tens digit of 5492?
9
What is the thousands digit of 1967?
1
What is the units digit of 17348?
8
What is the units digit of 13873?
3
What is the thousands digit of 59307?
9
What is the thousands digit of 2622?
2
What is the ten thousands digit of 14447?
1
What is the tens digit of 4645?
4
What is the hundreds digit of 2451?
4
What is the thousands digit of 13746?
3
What is the tens digit of 642?
4
What is the tens digit of 38569?
6
What is the hundreds digit of 143?
1
What is the thousands digit of 5410?
5
What is the hundreds digit of 1284?
2
What is the tens digit of 35277?
7
What is the ten thousands digit of 25353?
2
What is the thousands digit of 92603?
2
What is the tens digit of 42551?
5
What is the thousands digit of 7163?
7
What is the hundreds digit of 1269?
2
What is the hundreds digit of 6141?
1
What is the tens digit of 1950?
5
What is the thousands digit of 3022?
3
What is the ten thousands digit of 125536?
2
What is the tens digit of 2552?
5
What is the thousands digit of 7219?
7
What is the units digit of 9360?
0
What is the thousands digit of 60538?
0
What is the units digit of 36?
6
What is the tens digit of 5996?
9
What is the units digit of 1633?
3
What is the hundreds digit of 3641?
6
What is the thousands digit of 1049?
1
What is the hundreds digit of 1413?
4
What is the thousands digit of 20094?
0
What is the tens digit of 8935?
3
What is the thousands digit of 2656?
2
What is the thousands digit of 22766?
2
What is the thousands digit of 1542?
1
What is the tens digit of 7862?
6
What is the hundreds digit of 4550?
5
What is the hundreds digit of 14777?
7
What is the hundreds digit of 7499?
4
What is the tens digit of 639?
3
What is the ten thousands digit of 16691?
1
What is the hundreds digit of 5471?
4
What is the units digit of 688?
8
What is the ten thousands digit of 58047?
5
What is the ten thousands digit of 30946?
3
What is the hundreds digit of 24993?
9
What is the tens digit of 2808?
0
What is the hundreds digit of 531?
5
What is the tens digit of 4759?
5
What is the ten thousands digit of 161166?
6
What is the tens digit of 1744?
4
What is the thousands digit of 13824?
3
What is the tens digit of 2113?
1
What is the hundreds digit of 949?
9
What is the hundreds digit of 13145?
1
What is the units digit of 15315?
5
What is the hundreds digit of 3876?
8
What is the tens digit of 628?
2
What is the units digit of 2004?
4
What is the hundreds digit of 55504?
5
What is the hundreds digit of 18809?
8
What is the thousands digit of 7845?
7
What is the tens digit of 15570?
7
What is the units digit of 2612?
2
What is the ten thousands digit of 130860?
3
What is the thousands digit of 2570?
2
What is the units digit of 25161?
1
What is the hundreds digit of 18933?
9
What is the tens digit of 2076?
7
What is the units digit of 598?
8
What is the thousands digit of 50604?
0
What is the thousands digit of 1902?
1
What is the units digit of 1306?
6
What is the hundred thousands digit of 149477?
1
What is the hundreds digit of 438?
4
What is the units digit of 51932?
2
What is the thousands digit of 1852?
1
What is the units digit of 5277?
7
What is the hundreds digit of 471?
4
What is the units digit of 51954?
4
What is the thousands digit of 4623?
4
What is the thousands digit of 5426?
5
What is the units digit of 2891?
1
What is the hundreds digit of 1192?
1
What is the hundreds digit of 1764?
7
What is the tens digit of 140927?
2
What is the units digit of 12203?
3
What is the ten thousands digit of 11245?
1
What is the hundreds digit of 55483?
4
What is the hundreds digit of 7076?
0
What is the hundreds digit of 1674?
6
What is the units digit of 3496?
6
What is the tens digit of 3597?
9
What is the tens digit of 8551?
5
What is the thousands digit of 9951?
9
What is the thousands digit of 1032?
1
What is the tens digit of 452?
5
What is the hundreds digit of 968?
9
What is the hundreds digit of 1580?
5
What is the hundreds digit of 936?
9
What is the hundreds digit of 165?
1
What is the tens digit of 647?
4
What is the units digit of 22478?
8
What is the ten thousands digit of 13698?
1
What is the ten thousands digit of 12908?
1
What is the hundreds digit of 1479?
4
What is the hundreds digit of 6415?
4
What is the units digit of 181?
1
What is the units digit of 43406?
6
What is the tens digit of 12139?
3
What is the hundreds digit of 4399?
3
What is the thousands digit of 1076?
1
What is the hundreds digit of 5525?
5
What is the hundred thousands digit of 115510?
1
What is the thousands digit of 6508?
6
What is the tens digit of 1421?
2
What is the tens digit of 17813?
1
What is the thousands digit of 1166?
1
What is the units digit of 3578?
8
What is the ten thousands digit of 14223?
1
What is the hundreds digit of 2554?
5
What is the hundreds digit of 1149?
1
What is the units digit of 1115?
5
What is the ten thousands digit of 58909?
5
What is the units digit of 3175?
5
What is the tens digit of 33097?
9
What is the units digit of 20973?
3
What is the hundreds digit of 3253?
2
What is the units digit of 1427?
7
What is the tens digit of 2969?
6
What is the thousands digit of 76888?
6
What is the units digit of 679?
9
What is the thousands digit of 3419?
3
What is the ten thousands digit of 43832?
4
What is the thousands digit of 9389?
9
What is the units digit of 4335?
5
What is the hundred thousands digit of 203518?
2
What is the hundreds digit of 10657?
6
What is the ten thousands digit of 46793?
4
What is the units digit of 3667?
7
What is the units digit of 6294?
4
What is the units digit of 299?
9
What is the units digit of 26791?
1
What is the tens digit of 104?
0
What is the units digit of 4504?
4
What is the tens digit of 9768?
6